ate 23 - (-1 - (19 - 11)).
32
What is -1 - 25 - (-209 - -198)?
-15
4 + (7 - (-4 - -17)) + -7
-9
Calculate -1 - (-3 - (7 + -11)).
-2
What is the value of 0 + 1 + 6 + (-6 + -2 - 2)?
-3
What is the value of 5 + ((-7 - -3 - 2) + -1 - 5)?
-7
What is (255 - 210) + 3 + -21?
27
What is (3 - -9) + 29 + -56?
-15
Calculate (-78 - -48) + 23 + -2.
-9
What is the value of -6 + 1 + (16 - 26) + 17?
2
What is 146 + -151 + -1 + 2 + 10?
6
Calculate 11 - (70 - (56 - 22)).
-25
Evaluate -11 - ((-5 - -19) + -14).
-11
What is the value of 6 - (2 - 14 - -4)?
14
(9 + -5 - 0) + (-19 - (-31 + 16))
0
-5 - (19 + -24 + -6 + 17)
-11
Calculate 3 + 1 + 59 + -73.
-10
Evaluate -18 + (3 - -5) - -2 - (-1 + 4).
-11
Calculate 5 + -12 - (5 - 8 - 3) - -5.
4
What is 35 - (-1 - (-3 + -4)) - -2?
31
What is -148 - -69 - -70 - (-2 - 1)?
-6
What is the value of 13 - (8 + 28 + -11)?
-12
What is the value of -1 - (1 + 14 + -3)?
-13
-25 + 5 - (-59 - -41)
-2
What is the value of -2 + 1 + -2 + 0 + 114 + -112?
-1
(-1 - 9) + 7 + 11 - 3
5
Evaluate -3 + 6 - 10 - 1.
-8
What is 13 + -12 - (1 - -2 - 15)?
13
Evaluate (-16 - (-21 + 1)) + 2 + -5.
1
What is the value of -7 + (-7 - (-14 + 7) - -2)?
-5
(-4 - -7 - (-18 + 12)) + 0
9
Evaluate 7 - (0 + (-3 - -5)) - (37 - 3).
-29
-8 + (-13 - (-48 + 6))
21
Calculate (37 - 37) + -2 + 2 + -11.
-11
Calculate -1 + -5 + 13 + -6 + -3 - -5.
3
What is -8 + 2 - 13 - (-60 + 24)?
17
What is 22 + -4 + -7 - (13 + -6 - 8)?
12
What is the value of (-2 - -1) + 19 + 3 + -24 + 16?
13
(-16 - -2 - -6) + 17 + -1
8
Evaluate -5 + -3 + 3 + -8 + (35 - 2).
20
-33 + 6 - -21 - ((10 - 0) + -1)
-15
What is 0 + -63 + (2216 - 2181)?
-28
What is 8 + 8 + -25 + 8 - -2?
1
Calculate (-6 - 8) + (13 - 8) + -6.
-15
What is the value of 6 + 19 + -118 + 109?
16
Evaluate (-1 - -69) + (-446 - -403).
25
(-87 - -111) + -29 + (1 - -25 - 0)
21
Evaluate 32 - (3 + 21) - (-2 + 25 + -3).
-12
0 + 7 - (-451 + 466)
-8
What is -10 - (-4 - (10 - -4))?
8
(-34 - 1) + -21 + 49 + -18
-25
Calculate -266 + 253 + 20 + 1.
8
What is the value of -15 - 2 - (-79 - -66) - -4?
0
Evaluate (25 - 1) + (281 - 324).
-19
1 + (19 - (1 - -22))
-3
What is the value of -22 + (9 - 30 - -32)?
-11
Calculate 12 + (-3 + 11 - 9).
11
What is the value of (-2 - -12) + -6 - (3 - (4 - 0))?
5
What is the value of -25 - (2 + -43 + 24)?
-8
Evaluate 48 + (-40 - -19) - 7.
20
What is the value of 8 - (-7 + 29) - 2?
-16
What is the value of -21 + -2 - (79 + -90)?
-12
Evaluate -33 - -39 - (-1 + -6).
13
Calculate -22 - (-43 + 24) - -14.
11
Evaluate -2 + 0 + -10 + (-9 - -7).
-14
Evaluate ((-7 + 12 - 2) + -4 - -2) + -5.
-4
Evaluate -11 - (16 - (3 - -14 - 9)).
-19
What is (7 + -15 - -1) + -11 + (-2 - 7)?
-27
0 - (0 + -3 + 11)
-8
Evaluate (0 - (1 - -1)) + (65 - -15 - 74).
4
What is -23 + 86 + -85 - (0 - (4 + 0))?
-18
Calculate -16 - ((12 - -38) + -39).
-27
What is -4 + (-11 - (-4 - 27) - 13)?
3
Evaluate (-2 - -1) + 17 + -18.
-2
(-16 - (-38 - -15)) + 6
13
(-7 - -33) + -3 + (-6 - -5)
22
Calculate 27 + (35 - 54) + (-15 - -2) + -2.
-7
What is (15 - 10 - 14) + 28?
19
Calculate 8 + -1 - (-14 + 23) - 0.
-2
Evaluate -83 + 95 - (16 - 14 - (-1 - -1)).
10
Calculate (-18 - -33) + (1 - 15).
1
What is the value of (-14 - -18) + (1 - (-2 - (-3 + -3)))?
1
Calculate 42 + -39 + -3 + -1 - -6.
5
Calculate 9 - (-14 + 9 + 22).
-8
What is (-1 - (-4 - 3)) + (-17 - -7) + 13?
9
What is -7 + -2 + 17 - (6 - 2)?
4
What is the value of (-36 - -38) + (2 - (4 - 2))?
2
(-4 - -18) + (6 - 0 - (-219 - -229))
10
Calculate (-14 - (-8 + -17) - -7) + 2.
20
Evaluate -13 - (17 - 13) - -13.
-4
Evaluate (-6 - -3) + 4 - (1 + -3 + -9).
12
Calculate -7 - (2 + 10 - (-13 + 32)).
0
Calculate 7 + -3 + (-13 - -4) - 7.
-12
What is the value of -6 + 3 + 2 + (-3 - -8)?
4
Calculate -25 + 29 + (6 + 14 - -2).
26
14 + -20 - (0 - 0 - 7)
1
54 + -69 + 3 + 6
-6
What is the value of 1 - (-4 + 42 + -28)?
-9
Evaluate -5 + (3 - (13 + (-5 - 0) + -4)).
-6
Evaluate 12 + (4 - 24) + (-2 + 3 - 2).
-9
What is -4 + -1 + (0 - -15 - (-21 - -32))?
-1
What is -1620 + 1610 + (-20 - 1)?
-31
What is the value of 0 - (-12 + -3 + 26)?
-11
Evaluate (44 - 57) + (2 - 0) - -6.
-5
What is 2 + (-20 - -15) + -2 + 23?
18
(16 - 15) + -55 + 81
27
Calculate 8 + 5 + (-6 - 9).
-2
-31 + (19 - 8) - (-1 - 13)
-6
What is the value of -19 + -3 + (19 - 5) + -1?
-9
Calculate (127 - 129) + (0 - 7) - 8.
-17
Calculate (-2 - -2) + (-7 + 8 + -11 - -21).
11
What is -73 + 67 - (4 + 3)?
-13
-13 - (2 - (-5 + 7 + 6)) - -19
12
Calculate -16 + 3 + (-2 - 3) + (3 - -3).
-12
Calculate (9 - -2 - (-16 + 22)) + (-25 - 8).
-28
Evaluate -73 + 76 - (17 + 0).
-14
Calculate 5 + -3 - (4 + (-10 - -9 - -8)).
-9
Calculate 701 - 738 - (2 - 24).
-15
Calculate 155 + -182 + (2 - -22).
-3
What is (8 - -5) + 0 + 1 + -6?
8
Evaluate -43 + -3 + 46 + (-1 - (15 + 1)).
-17
Evaluate 5 + (12 - -3) + -5.
15
What is 45 + -9 - (9 - 24 - -29)?
22
Calculate -13 + (7 - (6 + 2 + -5 + 0)).
-9
(-6 - (2 - 5)) + 4 - (1 + -8)
8
Calculate -23 + 14 + (19 - 5) - 6.
-1
Calculate 39 + (-91 - -58) + (-2 - 0).
4
10 - (22 - (19 - 3))
4
-10 - (-1 - (-8 + 14) - 5)
2
5 + 19 + -8 - (3 + (-2 - 0))
15
3 - (-4 + -1 + 13)
-5
-9 - (0 + (-7 - -15) - 10 - 4)
-3
Evaluate (4 - 11 - 4) + 62 + -59.
-8
What is the value of -1 + 4 + (3 - (18 - (-2 + -2)))?
-16
What is -5 - (-26 + 8 + 26) - (0 - -4)?
-17
What is (2 - (6 - 33)) + -54?
-25
9 + 0 + (17 - (-9 - -12) - -6)
29
Evaluate -3 + (23 - (-10 + 23) - (31 - -8)).
-32
What is -5 - ((11 - (11 + 7)) + 7 - 10)?
5
Calculate (10 - (-18 + 7 + 22)) + -5.
-6
What is -2 + (0 - 2) + (-357 - -365) - -5?
9
Evaluate 8 - (2 + -4 + 17) - 3.
-10
What is the value of 8 + -1 + (-21 - -4) - (30 - 14)?
-26
What is the value of -1 + 5 - (30 - 23) - (0 - 0)?
-3
Evaluate 24 + (-30 - -28 - 28).
-6
Calculate -2 - (15 + -28 - (-1 - 5)).
5
3 + (4 - (21 + 9 + -6 + 0))
-17
What is the value of 10 + -2 - -1 - (4 + 3 - 2)?
4
Evaluate (-12 + -17 - -5) + 27.
3
What is (5 - -10) + 7 + -13 + 4?
13
What is -1 - -31 - (7 + -17 + 3 + 13)?
24
Evaluate (1 - (7 + 0)) + (49 - 28) + -4.
11
Calculate (544 - 549) + 0 + -9.
-14
-1 + -7 + 4 + -2 - (28 - 26)
-8
Evaluate (-8 - -1) + (-111 + 101 - (1 - 4)).
-14
(4 - (10 + (-10 - -2))) + -8
-6
What is -2 + 8 - (74 + -89)?
21
Evaluate -2 + (-8 + (6 - 3) - (-22 - -33)).
-18
2 + 0 - (7 - 96 - -72)
19
Evaluate 396 + -370 - (-1 + (1 - -10) + 1).
15
(29 + -39 + (1 - -3) - 0) + 0
-6
(-3 - 19) + 5 + (3 - (2 - 3))
-13
What is the value of (0 - -2) + -193 + 182?
-9
2 - (-4 + (10 - 3) + 1)
-2
What is the value of 27 + -64 - -54 - 23?
-6
Evaluate (11 - 12) + (-21 - (-3 - 7)).
-12
What is the value of -48 + (11 + -30 - -41)?
-26
What is the value of 0 + 2 + -10 + -12 + 13?
-7
Evaluate (-7 + 1 - -4 - (11 + -11)) + -6.
-8
What is the value of -21 + -10 + 29 - -3 - (-11 - -1)?
11
What is -1 - -7 - (-286 - -280) - (7 - -1)?
4
What is 8 + -15 + -14 + 54?
33
What is the value of (73 - 83) + (4 - (2 + -3)) + -16?
-21
What is 20 + 5 + -56 + 24?
-7
What is the value of (6 - (0 - 1 - (-7 + 3))) + -7?
-4
-1 + 4 + (11 - (2 + -3 - -5))
10
What is the value of -20 - (-14 + 0 + 45 + -16)?
-35
Evaluate (0 - 0) + -41 + (22 - -15).
-4
Calculate (0 - -2) + 3 + -3 + (-5559 - -5551).
-6
Calculate 2 - (5 - 11 - (-15 - -1) - 4).
-2
What is the value of 26 - 6 - (-1 + 3 + -3 + 7)?
14
What is the value of -1 - -13 - (2 + 2 - 7 - -3)?
12
What is the value of 13 + -16 + -1 + 14?
10
Calculate (1 - -1) + -17 + -3 + 8.
-10
Evaluate 17 + (-9 - 13) - ((12 - 4) + -1).
-12
What is the value of (11 - (11 - (-11 + 21))) + -2 - 8?
0
What is the value of 3 - (-3 - 0 - (-8 + 1))?
-1
What is the value of (61 - 52) + (2 - 2) - 7?
2
What is -9 - (-6 - 7 - -6) - -14?
12
Evaluate -6 + (1 - 2 - (10 - 18) - 13).
-12
What is the value of 3 - (-10 - ((7 - 15) + -3))?
2
Calculate (0 - 8 - -15) + -11 - 9.
-13
Evaluate (-13 - 0) + 7 - -33.
27
What is the value of (-34 - -32) + 12 + -1 + 4 + -3?
10
10 - 3 - (19 + 0 + -6)
-6
-4 + (10 - 12 - -6) - -7
7
What is the value of (-6 - (24 + -21)) + 25 + 0 + -2?
14
12 + 1 - (-1 + (18 - 16)) - -5
17
What is the value of (-12 + 4 - -14) + 0?
6
(4 + -4 - -5) + -5 + 6 + 6
12
What is the value of (6 - (-67 - -85)) + (0 - -21)?
9
What is (-5 - 6 - -2) + 6 + 6?
3
Calculate -12 + 15 + -5 - 13.
-15
Evaluate (12 - (2 + -6)) + 10 + -12.
14
What is the value of 263 - 276 - (0 - 5)?
-8
Calculate -26 - -11 - (3 + -9 + -2).
-